 is h(v)?
-10
Let a(n) = -3*n + 2. Let w(c) = 2*c - 1. Let x = -8 + 12. Let d(i) = x*w(i) + 3*a(i). Let l be d(0). Let m(k) = 2*k**2 + k + 1. What is m(l)?
11
Let j be (84/6)/2 + -3. Let r(l) = -l**3 + 4*l**2 - 4*l. Give r(j).
-16
Let p(d) be the first derivative of -2*d**2 + d + 66. Calculate p(-2).
9
Let h(y) = -y**2 - 2*y - 2. Let p be (-5 + 2)*8/12. What is h(p)?
-2
Let m(u) be the second derivative of u**3/3 - 33*u**2/2 - 85*u - 2. Calculate m(0).
-33
Let u(n) = -11*n - 15. Suppose 2 = 4*g + 2*d, 3*d - 21 = -0*g + 3*g. Give u(g).
7
Let o be 609/(-58) + -1 + 10/4. Let x(z) = 2*z + 18. Give x(o).
0
Let a(q) = -3*q**2 + 5*q + 68. Let s(z) = 16*z**2 - 24*z - 371. Let m(o) = 11*a(o) + 2*s(o). Let d be 7 - (1/1)/1. Calculate m(d).
12
Let s = -596 + 591. Let r(z) = z + 19. Give r(s).
14
Let r(q) = -28*q**3 - 29*q**3 - 34*q**3 + 3 + 7*q + 6*q**2 + 92*q**3. Calculate r(-5).
-7
Suppose 0 = x - 3*a + 43, -x = 2*a - 6*a + 47. Let h = x + 47. Let g(u) = -u**2 - 8 - 6*u + h*u - u + 3. What is g(6)?
13
Let y(b) = -92 + b + 3*b + 175 - 88. Determine y(2).
3
Let n(w) = 12*w + 8. Let c(j) = j + 1. Let u(x) = 8*c(x) - n(x). Calculate u(-2).
8
Suppose 5*v - 5*d = v + 34, -4*d = -5*v + 38. Let s(g) = -g - 6. Let j be s(-8). Let i(y) = j + 8 - 2*y + 0 - 4. Calculate i(v).
-6
Let h(q) = q**2 + 0*q**2 - 1097 + 1107 + 6*q. Calculate h(-4).
2
Suppose -16 = -8*b + 6*b. Let d(a) = 9*a - b*a - 1 + 0. Let g(c) = -c**3 - 3*c**2 - 2*c. Let k be g(-2). What is d(k)?
-1
Let m(d) = -2*d**3 + 9*d**2 - 4*d + 8. Let t(i) = -3*i**3 + 18*i**2 - 9*i + 16. Let x(f) = -5*m(f) + 3*t(f). Calculate x(-10).
-22
Let v(l) = -10 - 3*l + 0 - 4*l - 64*l**3 + 65*l**3 + 3*l**2. Calculate v(-4).
2
Let c(b) be the second derivative of b**3 - b**2/2 + 32*b. What is c(-1)?
-7
Let m(y) = -6 - 3*y**2 + 6 + 12 - 5*y - 5 + y**3. Calculate m(4).
3
Let o = -20 + 22. Let f(m) = 6 - 7*m + 5 + o*m**2 - m**2 - 4. Give f(7).
7
Suppose -9*v = -8*v + 9. Let r(w) = -54*w + 9*w + 43*w. What is r(v)?
18
Let o(r) be the third derivative of 7/120*r**6 - 1/60*r**5 + 0 + 20*r**2 + 1/6*r**3 + 0*r**4 + 0*r. Determine o(1).
7
Let b(w) be the first derivative of -w**4/4 + 8*w**3/3 - 5*w**2/2 - 14*w - 9. Let p be b(7). Suppose -h - 3 + 1 = p. Let i(z) = -2*z + 2. Determine i(h).
6
Let z(f) = 3*f**3 - 12*f**2 + 5*f - 19. Let b(k) = -k**3 + 4*k**2 - 2*k + 6. Let y(p) = 7*b(p) + 2*z(p). Give y(4).
-12
Let k = -3 - -2. Let t(a) be the first derivative of -1/2*a**2 + 0*a - 2/3*a**3 - 10 - 7/4*a**4. Determine t(k).
6
Suppose 5*f - 12 = -f. Let h(p) = -357*p**2 + 359*p**f + 11 + 10*p - 3. Calculate h(-6).
20
Suppose 74 + 36 = 5*u. Suppose -u = 4*q - 9*q + 3*a, -4*q = -5*a - 28. Let w(z) = -4*z**q + 4*z + 7*z**2 - 5*z. What is w(1)?
2
Let f(t) = 4*t**2 + 6*t + 1. Let i(l) be the second derivative of -5*l**4/12 - 7*l**3/6 - l**2/2 - 4*l. Let u(y) = -6*f(y) - 5*i(y). Determine u(1).
-1
Let g(p) = p + 2. Let y be g(0). Let u(d) = 0*d**2 + 0*d**y - 4*d - d**2. Let t be ((-5)/2)/((-2)/(-4)). Calculate u(t).
-5
Let g(h) = -11*h**2 + 26*h + 4. Let q(u) = -7*u**2 + 17*u + 3. Let m = -29 - -24. Let w(s) = m*g(s) + 8*q(s). Give w(7).
-3
Let h = 14 + -14. Let c(u) be the second derivative of u**5/20 - u**4/12 - u**3/6 + 7*u**2 - 15*u + 3. Calculate c(h).
14
Suppose 5*h - 1 = 3*u, 3*h + 3*u + 10 = -h. Let x be (h/(4/(-12)))/(-1). Let v(o) = -3*o - 5. Determine v(x).
4
Let s(n) = -1 - 33*n**2 - 11*n**2 + 52*n**2. Calculate s(1).
7
Let n(j) = j**2 - 2*j. Suppose 0 = y - 2*y + 5. Suppose -2*q - 23 = -5*a - 8, -3*a = -y*q - 9. Let p be n(a). Let u(i) = i. What is u(p)?
3
Let d(x) be the first derivative of -x**4/4 + x**3/3 - x**2/2 - 7*x + 558. Calculate d(0).
-7
Suppose -11*p - 3 = -14*p. Let i(w) = 3*w + w + 7 - p - 9. Give i(5).
17
Let y be 3 - ((-2 - -4) + -2). Let m = y + -1. Let i(f) = 2*f**2 - 2*f + 7 - 2*f**2 - f**m - 2*f. Determine i(-5).
2
Let z(t) = 2*t + 3. Let v be z(-5). Let p(m) = -m**2 - 8*m + 1. Let c be p(v). Let k = 11 - c. Let s(i) = i**3 - 3*i**2 - 2*i + 2. Calculate s(k).
-4
Suppose -4*o - 3 = 9. Let k be o/18 + (-68)/24. Let z(t) = 3 - 13*t + 21*t - 5*t. What is z(k)?
-6
Let c(o) = -6 + 52*o - 45*o - 22*o**2 + 30*o**2 + o**3. Calculate c(-7).
-6
Let p be (-3)/8 - 114/(-48). Suppose 0 = 7*a + p - 16. Let f(q) = 7*q - 2. What is f(a)?
12
Let l(z) be the second derivative of -z**4/12 - 2*z**3 + 18*z**2 + 906*z. What is l(-15)?
-9
Let o(v) = v**2 + 28. Let d(b) = -2*b**2 - 48. Let z(f) = -4*d(f) - 7*o(f). Let w(p) = p**2 + 7*p. Let u be w(-7). Determine z(u).
-4
Let i(a) be the third derivative of -a**6/120 + a**5/10 - a**4/6 + 2*a**3/3 + 3*a**2 + 6*a. Determine i(3).
19
Let c(v) be the first derivative of 0*v**2 + 4 + 4*v**2 + 3*v - 3*v**2. Suppose 8*g - 4*g + 16 = 0. What is c(g)?
-5
Let r(v) = -27*v + 4. Let o(f) = 14*f - 2. Suppose 12 + 5 = 3*i - 2*y, -5*y + 10 = 0. Let j(m) = i*o(m) + 4*r(m). Calculate j(2).
-18
Let o(u) be the second derivative of u**5/20 - u**4/3 - 2*u**2 + u. Let i = -9 + 16. Suppose 5*r = i + 13. What is o(r)?
-4
Let i(j) be the first derivative of -j**6/120 + j**5/10 - 5*j**4/24 + j**3/2 + 3*j**2 + 1. Let k(g) be the second derivative of i(g). Calculate k(5).
3
Let g(d) = -d + 5. Let y(l) = l**3 - 12*l**2 + 7. Let q be y(12). Let u(x) = -3*x**2 + 0 + x**3 + 6 - 3*x**2 - 7*x. Let j be u(q). Calculate g(j).
-1
Let z(u) be the third derivative of -u**7/2520 - u**6/720 + 23*u**4/12 - u**3/3 - 2*u**2 - 11. Let f(w) be the second derivative of z(w). Determine f(-3).
-6
Let g(s) = s**2 + 12*s + 18. Suppose -91*b + 528 = -139*b. Determine g(b).
7
Suppose 8 + 4 = -c - 4*q, -4*c - 4*q = 12. Let a(z) = c*z**2 + 65*z**3 - 66*z**3 - 5*z**2 + z. What is a(-5)?
-5
Let v(c) = 3*c + 154*c**3 + 2 - 155*c**3 + 4*c**2 - 1. Calculate v(5).
-9
Let c(j) = -2*j**2 + 17*j + 10. Let y = 27 + -18. What is c(y)?
1
Let k = 49 + -42. Let p(x) = -k - 8*x + 9 - x**2 - 2. What is p(-7)?
7
Let m(l) = -13757*l**2 + 13756*l**2 - 3 - 24*l + 24. Calculate m(-25).
-4
Let h(o) = -12*o + 17. Let b be h(1). Let i(s) = -2*s**2 - 8*s - 2. Let t(x) = -5*x**2 - 24*x - 7. Let d(m) = 8*i(m) - 3*t(m). Calculate d(b).
20
Let n(p) be the first derivative of -6*p + 7/2*p**2 - 8/3*p**3 - 12 + 1/4*p**4. Calculate n(7).
-6
Let k(s) be the second derivative of 9*s**3/2 + s**2 + 167*s. Calculate k(1).
29
Suppose -12*h = -33 + 9. Let s(m) = -3*m**3 + 3*m - 1. Give s(h).
-19
Let g(i) = i**3 + 10*i**2 + 12. Let v(b) be the first derivative of -b**3/3 - 3*b**2 - 3*b + 34. Let p be v(-7). Determine g(p).
12
Let h(o) = -33*o + o**2 + 14 + 16 + 26*o + 4*o**2 - 33 + o**3. Give h(-6).
3
Let o(r) = 8*r**2 - 9 + 10*r**3 + 3*r - 25*r**3 + 14*r**3. Give o(8).
15
Suppose -5*g - 4*c = -88, -4*g + 58 = -5*c + 2*c. Suppose 0 = -8*j - 0 - g. Let o(l) = -3*l**2 - l + 1. Determine o(j).
-9
Let t(s) be the first derivative of -1/60*s**5 - 1/12*s**4 + 0*s**3 + 0*s + 2*s**2 - 5. Let w(c) be the second derivative of t(c). Calculate w(-3).
-3
Let a(i) be the first derivative of i**4/4 + 5*i**3 + 15*i**2/2 + 10*i + 5. Calculate a(-14).
-4
Let o(s) = -s**3 - 11 + 69*s + 12 - 69*s. Calculate o(-1).
2
Let k(h) = h**3 + 6*h**2 + 3*h - 9. Let j = -877 - -872. Determine k(j).
1
Let c be 37 - (1 - (3 + 9)/(-4)). Let p = c - 40. Let s(d) = -d**2 - 7*d - 3. Determine s(p).
-3
Let m be 3/(-6)*5*2. Let r = m - -5. Let x(c) = -c - 5 - 13 + 26. What is x(r)?
8
Let u(l) = l**3 - l**2 + 6. Let x be u(0). Let g(a) = -49*a + 36*a**2 + 3 + 43*a - 35*a**2. Determine g(x).
3
Let s(n) = 30*n**2 + 11*n - 9. Let a(h) = -15*h**2 - 5*h + 4. Let w(q) = 9*a(q) + 4*s(q). Let i(t) = -t - 11. Let p be i(-10). Determine w(p).
-14
Let s(n) = 5*n + 4. Let o(z) = -6*z - 5. Let h(x) = -4*o(x) - 5*s(x). Suppose f - 5*f = -2*k + 12, -16 = -4*f - 5*k. What is h(f)?
1
Let n be ((-1)/(-3))/(2*(-3)/(-198)). Let m(p) = -3*p**2 - 9*p + 11. Let y(x) = -8*x**2 - 27*x + 33. Let a(h) = n*m(h) - 4*y(h). What is a(8)?
-3
Let x = -405 + 400. Let a(w) = 8*w - 9. Let d(m) = -7*m + 8. Let p(v) = -5*a(v) - 6*d(v). Determine p(x).
-13
Let z be (-6 - -9)*2 - (-6 + 3). Let c(p) = -p**2 + 7*p + 8. Calculate c(z).
-10
Let o(g) be the third derivative of -g**5/60 - g**4/8 + 2*g**3/3 + 2*g**2 - 128. Give o(-3).
4
Suppose 0 = 13*j - 16*j - 6*j. Let d(g) = -g**2 + 2*g + 7. Calculate d(j).
7
Let n(r) = 1 + 119*r + 98*r - 219*r. What is n